25402 and 1529.
11
What is the highest common factor of 4515 and 77161995?
645
What is the highest common divisor of 34375 and 716250?
625
What is the highest common factor of 4940127 and 27?
9
Calculate the highest common factor of 189179471 and 13.
13
Calculate the greatest common divisor of 5660 and 167142630.
2830
Calculate the greatest common divisor of 62170500 and 16926.
1302
What is the greatest common factor of 486172 and 3990?
38
Calculate the highest common divisor of 1224 and 2770456.
136
Calculate the highest common factor of 8651370 and 1134.
42
Calculate the highest common factor of 1080677020 and 20.
20
Calculate the greatest common divisor of 494462789 and 166.
83
Calculate the highest common factor of 32576 and 1844.
4
What is the greatest common divisor of 219537 and 12549?
141
What is the greatest common factor of 39401011 and 416?
13
Calculate the greatest common factor of 25064 and 322940.
964
What is the greatest common divisor of 2968556 and 112520?
116
Calculate the greatest common divisor of 50680 and 30197678.
2534
Calculate the greatest common factor of 72697871 and 23.
23
Calculate the greatest common divisor of 963680 and 29152.
32
Calculate the greatest common factor of 1514950688 and 10432.
5216
Calculate the highest common divisor of 1748 and 6534898.
874
Calculate the greatest common divisor of 19103533 and 992.
31
Calculate the greatest common divisor of 654 and 6293878.
218
Calculate the highest common divisor of 98778154 and 549.
61
Calculate the greatest common factor of 7520 and 4209696.
1504
Calculate the highest common factor of 41440532 and 140.
28
Calculate the greatest common factor of 752 and 10025711.
47
What is the highest common divisor of 219 and 1313197?
73
Calculate the greatest common factor of 7728 and 7939554.
966
What is the highest common divisor of 1943 and 32373773?
29
What is the highest common factor of 9451 and 715117?
13
Calculate the highest common factor of 1304037 and 93933.
441
Calculate the greatest common divisor of 14073 and 24.
3
What is the greatest common divisor of 13010 and 1616?
2
What is the highest common divisor of 9976 and 178656?
8
What is the greatest common divisor of 8090960 and 27740?
380
Calculate the highest common divisor of 10760708 and 32234.
454
Calculate the greatest common factor of 366407 and 282960.
131
Calculate the greatest common factor of 497949278 and 3706.
3706
What is the highest common factor of 113703319 and 217?
31
Calculate the highest common factor of 2079 and 234007587.
99
What is the highest common divisor of 614173384 and 22?
22
What is the highest common factor of 12837123 and 13797?
1971
Calculate the highest common divisor of 117009700 and 700.
100
Calculate the greatest common factor of 91 and 106419781.
13
What is the greatest common divisor of 3900 and 1179975?
75
What is the highest common divisor of 6476 and 14354?
2
What is the highest common factor of 2911174 and 6258?
14
Calculate the greatest common factor of 416 and 704782.
26
What is the highest common divisor of 39641562 and 2014?
2014
Calculate the highest common factor of 35706 and 3102.
66
Calculate the greatest common divisor of 6786276 and 84.
84
What is the greatest common divisor of 364201 and 91413?
1451
Calculate the highest common divisor of 401 and 6746023.
401
What is the highest common factor of 1095 and 97609833?
219
What is the highest common divisor of 205568 and 31856?
176
Calculate the highest common factor of 32300522 and 17746.
934
What is the greatest common divisor of 1880 and 722056?
8
Calculate the highest common factor of 741117 and 1254942.
1209
Calculate the greatest common factor of 12400 and 46536800.
400
What is the highest common divisor of 3069632 and 4?
4
Calculate the highest common divisor of 750 and 68105750.
250
Calculate the highest common factor of 3699 and 172754397.
3699
What is the greatest common factor of 981004084 and 804?
268
Calculate the highest common factor of 124743 and 1656471.
2901
Calculate the highest common factor of 506906 and 353736.
578
What is the greatest common factor of 26680 and 71050?
290
Calculate the greatest common divisor of 60 and 186801228.
12
Calculate the highest common factor of 4104 and 53722386.
1026
What is the highest common divisor of 2100 and 9063950?
350
Calculate the highest common divisor of 16 and 1769296.
16
What is the highest common factor of 493090 and 5730?
10
Calculate the highest common divisor of 19657 and 19888.
11
Calculate the highest common factor of 3750 and 5690.
10
What is the greatest common factor of 216130800 and 900?
300
Calculate the greatest common divisor of 123821760 and 4128.
96
Calculate the highest common divisor of 5138 and 1497595981.
2569
What is the highest common divisor of 5828 and 1?
1
Calculate the greatest common factor of 12902524 and 136.
68
What is the greatest common factor of 3501960 and 93234?
2274
What is the greatest common divisor of 6258 and 240337?
149
What is the highest common factor of 350679 and 7665?
21
What is the highest common factor of 1752 and 69816?
24
Calculate the highest common divisor of 180 and 1646208.
36
What is the highest common divisor of 427091 and 7055?
17
Calculate the highest common factor of 160578 and 28908.
198
What is the greatest common divisor of 3 and 155287?
1
Calculate the greatest common divisor of 29144 and 209654650.
7286
Calculate the greatest common factor of 4 and 1528987.
1
Calculate the greatest common divisor of 24226068 and 62396.
3284
What is the highest common divisor of 18312 and 139167?
21
Calculate the greatest common factor of 19343 and 4481689.
841
What is the greatest common factor of 2791620 and 50310?
1170
What is the greatest common divisor of 1506 and 86389180?
502
What is the greatest common divisor of 75863223 and 10449?
3483
What is the highest common factor of 1101 and 188868?
3
What is the greatest common divisor of 113192 and 3056?
8
Calculate the greatest common divisor of 40 and 260257280.
40
What is the greatest common divisor of 4941 and 11946606?
183
What is the greatest common divisor of 78 and 114462374?
26
What is the greatest common factor of 778242 and 438?
6
Calculate the greatest common factor of 20 and 53938460.
20
What is the greatest common factor of 75808 and 139462?
206
Calculate the highest common divisor of 18898 and 78496.
22
What is the highest common factor of 42528960 and 320?
320
Calculate the greatest common factor of 311703047 and 62.
31
Calculate the highest common factor of 38 and 88944244.
38
What is the highest common divisor of 587790606 and 234?
78
What is the greatest common factor of 6929 and 34727?
41
Calculate the greatest common divisor of 5734696 and 3069.
11
Calculate the greatest common factor of 982657 and 2140164.
3497
Calculate the greatest common divisor of 13 and 173626583.
13
What is the highest common divisor of 1269 and 134415?
9
Calculate the highest common factor of 126 and 141490755.
63
What is the highest common divisor of 212546894 and 42?
14
What is the highest common factor of 6795 and 660172?
151
What is the greatest common factor of 9090690 and 70?
70
Calculate the highest common divisor of 1722854 and 65618.
1526
What is the greatest common divisor of 225882839 and 2093?
2093
Calculate the greatest common divisor of 68876 and 1614988.
1028
Calculate the greatest common divisor of 120692 and 6330.
422
Calculate the highest common factor of 275072 and 6136316.
1228
Calculate the highest common divisor of 20581798 and 306.
34
What is the greatest common factor of 20840397 and 627?
57
What is the greatest common divisor of 3148360 and 193440?
1240
Calculate the highest common divisor of 15456 and 64333024.
5152
What is the greatest common factor of 5073872 and 82228?
1348
What is the greatest common divisor of 32419849 and 847?
77
Calculate the greatest common divisor of 47745536 and 112.
16
What is the greatest common divisor of 10987760 and 80?
80
Calculate the greatest common factor of 3844 and 8276.
4
Calculate the greatest common divisor of 8046 and 1261323.
9
Calculate the greatest common factor of 920900100 and 1500.
300
Calculate the highest common factor of 195855 and 1925.
55
Calculate the greatest common factor of 